sor of 12 and f?
4
Suppose -73*r + 62*r + 3570 + 1270 = 0. Calculate the greatest common factor of r and 550.
110
Suppose 15 = -25*a + 30*a. Suppose f = -5, -a*s - s = -4*f - 64. Suppose 20 = s*p - 6*p. Calculate the greatest common factor of p and 20.
4
Let l be 1/(-3) + 211/3. Suppose 8514 = 15*f + 3615 - 12951. What is the highest common divisor of l and f?
70
Suppose -1855 - 3857 = -24*l. Calculate the highest common factor of l and 434.
14
Suppose -3 = -4*l + 37. Suppose -134 = -2*a - 4*g, -2*a + 13*g - 15*g + 132 = 0. Calculate the highest common factor of l and a.
5
Suppose 4*c + 570 = 2*g, -5*g + 6*c - c + 1455 = 0. What is the highest common factor of g and 561?
33
Let l be (0 + -43)/(-32 - (-36 - -5)). Calculate the highest common factor of l and 21887.
43
Let v be (8 - (-616)/(-21))/((-4)/6). Suppose -23*f - 252 = -v*f. Suppose 5*a - 2*a = 3*t + 24, -4*a + 24 = 4*t. What is the highest common divisor of f and a?
7
Let r = -208 - -215. Let f be 768/54 + 7 + (-2)/9. What is the highest common factor of f and r?
7
Suppose 0 = 3*q - 4*b - 5581, 9299 = -2595*q + 2600*q - 4*b. Calculate the greatest common divisor of 507 and q.
169
Let d(h) = -16*h - 26. Let p be d(-8). Suppose 0 = -46*g + 5*g + 369. Calculate the highest common factor of g and p.
3
Let n(v) = -5*v**2 - 346*v - 15. Let i be n(-69). Calculate the greatest common factor of i and 1746.
18
Let y = 15 + -12. Suppose -9*l - y = 6. Let s be (-2 - -3)*(-4)/l. Calculate the highest common factor of s and 6.
2
Suppose 2*g = -4*k - 5 + 37, 8 = 2*k - 3*g. Calculate the greatest common divisor of 13069 and k.
7
Suppose 5*q + 4*q - 450 = 0. Suppose -2*x = -3*c - 34, -5*x = -16*c + 14*c - 96. Calculate the greatest common factor of q and x.
10
Let k = -4261 + 4359. What is the greatest common factor of k and 126?
14
Suppose -70*k - 56 = -71*k. Suppose 5*n - k = n. Suppose i - 49 - 77 = 0. What is the highest common divisor of i and n?
14
Suppose 0 = 9*g - 182 + 56. Suppose 12*p + 440 = g*p. What is the greatest common divisor of 22 and p?
22
Let v(j) = 391*j + 542. Let q be v(4). Calculate the greatest common divisor of q and 78.
78
Suppose -161 - 4 = 3*p. Suppose 6 = 2*j, 2*z + 2*j = 63 + 59. Let v = p + z. Calculate the greatest common divisor of v and 12.
3
Suppose 2076 = 4*z + 2*y, -4*z - 22*y = -21*y - 2082. What is the highest common factor of 144 and z?
18
Suppose k - 500 = -3*l + 2*k, -2*k + 8 = 0. Let s = l + -155. What is the greatest common factor of s and 351?
13
Suppose -5*l + 2338 = 2*v, -39400*l + 39397*l + 4*v = -1330. Let o(k) = 25*k - 1. Let g be o(4). What is the highest common divisor of l and g?
33
Let t be 21*(-120)/42*(-28)/12. Let p = -49 - -229. What is the greatest common divisor of t and p?
20
Suppose 0 = 33*x + 2*x + 61*x - 213792. What is the highest common divisor of 527 and x?
17
Let a(s) = -91*s + 5889. Let v be a(51). What is the highest common divisor of 2574 and v?
78
Suppose 2400 = 135*d - 127*d. Suppose -3*q + 4*f + 44 = 0, 4 = 2*q - 2*f - 24. What is the greatest common divisor of q and d?
12
Let z = -179 - -107. Let g = z + 132. Let x(l) = -5*l - 30. Let k be x(-9). What is the highest common factor of g and k?
15
Let p(v) = v + 38. Suppose 0 = t + 3*t + 2*f + 38, -5*t + 4*f = 67. Let i be p(t). Suppose -i - 9 = -b. What is the highest common divisor of 90 and b?
18
Let b = -18727 + 18736. Let l be 64/6*(-297)/(-22). Calculate the greatest common divisor of b and l.
9
Let w be (26/8)/(6/216). Let f = w - 51. Suppose -4*m + 12 = -12. What is the highest common factor of f and m?
6
Let l(f) = -f**2 - 6*f + 11. Let j be l(-8). Let g(a) = a - 116*a**2 + 2*a + 120*a**2 - 12 + 2*a. Let u be g(j). What is the highest common factor of u and 9?
9
Let g(d) = -d**3 + 7*d**2 + d + 4. Let j be g(7). Let f(w) = -j - w + 7*w - w. Let m be f(4). Calculate the greatest common divisor of m and 6.
3
Suppose -2*b + 4 = 0, 2*q - 130 - 532 = -b. Let x = q - 148. Calculate the greatest common factor of 78 and x.
26
Let u = 176 - 173. Suppose 2*p + 2*f = 0, -2*p + f = -p. Suppose -67 = -4*w - 3*m, p = -u*w + 2*w - 4*m + 33. Calculate the highest common factor of w and 130.
13
Let a = 86 + -57. Suppose -a*m = -27*m - 540. Calculate the greatest common divisor of m and 10.
10
Suppose 4*w + 3*k = 7*k + 76, 0 = -4*w + 3*k + 73. Suppose 20*f - w*f + 284 = 0. Let x = 55 - f. Calculate the highest common divisor of 18 and x.
18
Let d = 2402 + -1079. Calculate the highest common divisor of d and 7.
7
Suppose -25*s = -24*s - 4. Suppose 0 = 3*m + s*h - 124, -2*h + 0*h = -2*m + 64. Calculate the highest common factor of 90 and m.
18
Suppose -55*p = 4*u - 51*p - 1452, 3*p + 1775 = 5*u. Let i = u + -354. What is the greatest common divisor of i and 2?
2
Let j be (-2)/13 - 10384/104. Let c = -88 - j. What is the greatest common divisor of 12 and c?
12
Let n be ((11/33)/(2/68))/((-42)/(-4851)). What is the highest common divisor of n and 55?
11
Suppose -14*v - 1452 - 2202 = 0. Let f = 528 + v. Let y be f/5 + (-1)/(25/(-15)). Calculate the greatest common factor of y and 27.
27
Suppose -5*k - 614 = -q, -1896 = -7*q + 4*q - 3*k. Let j = q - 616. Calculate the highest common divisor of 1326 and j.
13
Let i = 60278 + -60264. Let d(t) = -2*t**2 + t + 1. Let h be d(-1). Let z be (2 + -1)*h - -114. What is the highest common factor of z and i?
14
Let s be (4/(-5))/(((-20)/25)/4). Suppose -s*x + 3*b + 976 + 371 = 0, x = -b + 335. Calculate the highest common divisor of 42 and x.
42
Let z be 0 + (-4 - -14) + -7. What is the greatest common factor of 219 and z?
3
Let s(o) = 94 - 62 - 17*o - 68 - o**2. Let q be s(-3). Let y be (3 + 9)*(-6)/(-8). What is the highest common factor of y and q?
3
Let x = 1687 + -1597. What is the highest common divisor of 230 and x?
10
Let i be 3 - (-4 - (-2 - -380)). Let p be (-1)/(((-5)/i)/1). Let f = p + -17. What is the highest common divisor of 90 and f?
30
Let z be 15 + -10 - (-4 - (3 - -9228)). Calculate the greatest common factor of z and 66.
66
Let k be (-1)/((-8)/16) - -2*1. Suppose 5*j + 292 = 2*v, v = -k*v + j + 776. Calculate the highest common divisor of 26 and v.
26
Let l be 20/24*(-12)/(-40)*20. Suppose l = 5*t, 188 = 2*b - t - 1145. Calculate the greatest common factor of b and 29.
29
Suppose -3*i + 84 = -2*t, 5*i - 3*t = -5*t + 156. Suppose 0 = k - 5, -5*k + 8*k - i = -3*c. Calculate the greatest common divisor of 155 and c.
5
Let t be 3*(-20730)/(-20) - -2*(-1)/(-4). Calculate the highest common divisor of 20 and t.
10
Let v be ((-5)/2)/((5/1)/(-20)). Let x be 424/v + (-108)/270. What is the highest common divisor of x and 238?
14
Suppose 53 = -5*h + m, 2*m - 1 = h + 6. Let j(o) = o**3 + 13*o**2 + 10*o - 18. Let d be j(h). Suppose u - d = 26. What is the highest common factor of u and 56?
28
Let b be 75/10 - (27 - 1274/52). Let r(l) = 178*l - 1. Let t be r(2). Calculate the highest common factor of t and b.
5
Let h = 51 - 45. Let l(c) = c - h*c - 2 + 5 + 4*c. Let u be l(-3). What is the highest common factor of 2 and u?
2
Let t = 985 - 528. Let v = -267 + t. Calculate the greatest common divisor of v and 10.
10
Let u = -2876 + 3551. Calculate the highest common divisor of 54 and u.
27
Suppose 25*l - 531 - 44 = 0. Suppose -2940 = 4*a - 8*a + y, 3*a - y = 2204. What is the greatest common factor of l and a?
23
Let v = -31 + -59. Let b = -45 - v. Calculate the greatest common divisor of 30 and b.
15
Suppose 0 = -41*r - 6 + 481 + 755. What is the greatest common divisor of 5640 and r?
30
Suppose -274*i + 5*y = -279*i + 830, 151 = i - 4*y. What is the highest common factor of 815 and i?
163
Suppose -v + 2*f + 86 = 0, -2*f + 177 = -2*v + 349. What is the greatest common factor of 1548 and v?
86
Let k = -4427 + 4570. What is the greatest common factor of k and 1793?
11
Let s be 121 - (-3)/(-6)*2. Suppose 9*u - 3*u - s = 0. Suppose -z - 42 = -142. Calculate the greatest common factor of z and u.
20
Let k be (8/6)/(36/17658 - 0). Calculate the greatest common factor of k and 2.
2
Let t = 357 + 1123. What is the greatest common divisor of 16 and t?
8
Let z(p) = p + 1. Let x(n) = n**3 - 4*n**2 + 2*n - 14. Let r(i) = x(i) + 2*z(i). Let y be r(6). Calculate the greatest common factor of y and 42.
42
Let r(j) = -1258*j + 2625. Let d be r(2). What is the grea